{"id":34,"date":"2023-04-22T08:23:55","date_gmt":"2023-04-22T08:23:55","guid":{"rendered":"https:\/\/nhipoto.com\/?page_id=34"},"modified":"2025-12-01T02:51:47","modified_gmt":"2025-12-01T02:51:47","slug":"home","status":"publish","type":"page","link":"https:\/\/nhipoto.com\/","title":{"rendered":"NHIP\u262fT\u2741.COM"},"content":{"rendered":"\n<h2 class=\"wp-block-heading has-text-align-center\">Tri\u1ebft l\u00fd kinh doanh d\u1ef1a tr\u00ean s\u1ef1 t\u1eed t\u1ebf<\/h2>\n\n\n\n<p class=\"has-text-align-center\"><mark style=\"background-color:rgba(0, 0, 0, 0)\" class=\"has-inline-color has-vivid-cyan-blue-color\">Ch\u00fang t\u00f4i tin r\u1eb1ng d\u00f9 l\u00e0 trong b\u1ea5t k\u1ef3 ho\u00e0n c\u1ea3nh n\u00e0o, <strong>s\u1ef1 t\u1eed t\u1ebf lu\u00f4n l\u00e0 l\u1ebd ph\u1ea3i<\/strong>. T\u1eed t\u1ebf v\u1edbi ng\u01b0\u1eddi kh\u00e1c kh\u00f4ng ch\u1ec9 mang l\u1ea1i ni\u1ec1m vui, h\u1ea1nh ph\u00fac cho ng\u01b0\u1eddi kh\u00e1c m\u00e0 c\u00f2n gi\u00fap \u0111em l\u1ea1i ph\u01b0\u1edbc b\u00e1o, ph\u00fac l\u00e0nh cho b\u1ea3n th\u00e2n doanh nghi\u1ec7p!<\/mark><\/p>\n\n\n\n<hr class=\"wp-block-separator has-alpha-channel-opacity\"\/>\n\n\n\n<h2 class=\"wp-block-heading has-text-align-center\">S\u1ea3n ph\u1ea9m kinh doanh<\/h2>\n\n\n\n<p><\/p>\n\n\n\n<p class=\"has-text-align-center\">Nh\u00edp xe t\u1ea3i c\u00e1c lo\u1ea1i<\/p>\n\n\n\n<p class=\"has-text-align-center\">Nh\u00edp xe b\u00e1n t\u1ea3i<\/p>\n\n\n\n<p class=\"has-text-align-center\">Nh\u00edp xe k\u00e9o<\/p>\n\n\n\n<p class=\"has-text-align-center\">L\u00f2 xo v\u00e0 Quang<\/p>\n\n\n\n<p class=\"has-text-align-center\">Nh\u00e0 s\u1ea3n xu\u1ea5t: C\u00f4ng ty c\u1ed5 ph\u1ea7n c\u01a1 kh\u00ed 19-8<\/p>\n\n\n\n<hr class=\"wp-block-separator has-alpha-channel-opacity\"\/>\n\n\n\n<p class=\"has-text-align-center\"><strong>Li\u00ean h\u1ec7 hotline: 082 888 0139 \u2013 c\u00f3 Zalo, Lotus<\/strong><\/p>\n\n\n\n<hr class=\"wp-block-separator has-alpha-channel-opacity\"\/>\n\n\n\n<figure class=\"wp-block-image size-large\"><img loading=\"lazy\" decoding=\"async\" width=\"1024\" height=\"529\" src=\"https:\/\/nhipoto.com\/wp-content\/uploads\/2023\/04\/cokhi198-full-only-nhipotovn-1024x529.png\" alt=\"\" class=\"wp-image-35\" srcset=\"https:\/\/nhipoto.com\/wp-content\/uploads\/2023\/04\/cokhi198-full-only-nhipotovn-1024x529.png 1024w, https:\/\/nhipoto.com\/wp-content\/uploads\/2023\/04\/cokhi198-full-only-nhipotovn-300x155.png 300w, https:\/\/nhipoto.com\/wp-content\/uploads\/2023\/04\/cokhi198-full-only-nhipotovn-768x396.png 768w, https:\/\/nhipoto.com\/wp-content\/uploads\/2023\/04\/cokhi198-full-only-nhipotovn-1536x793.png 1536w, https:\/\/nhipoto.com\/wp-content\/uploads\/2023\/04\/cokhi198-full-only-nhipotovn-2048x1057.png 2048w, https:\/\/nhipoto.com\/wp-content\/uploads\/2023\/04\/cokhi198-full-only-nhipotovn-850x439.png 850w\" sizes=\"(max-width: 1024px) 100vw, 1024px\" \/><\/figure>\n\n\n\n<hr class=\"wp-block-separator has-alpha-channel-opacity\"\/>\n\n\n\n<center><script type=\"text\/javascript\">\n\tatOptions = {\n\t\t'key' : '87425c009f57a39529163422d19bb401',\n\t\t'format' : 'iframe',\n\t\t'height' : 60,\n\t\t'width' : 468,\n\t\t'params' : {}\n\t};\n<\/script>\n<script type=\"text\/javascript\" src=\"\/\/www.highperformanceformat.com\/87425c009f57a39529163422d19bb401\/invoke.js\"><\/script>\n\n<div id=\"frame\" style=\"width: 100%;margin: auto;position: relative; z-index: 99998;\">\n          <iframe data-aa='2418856' src='\/\/acceptable.a-ads.com\/2418856\/?size=Adaptive'\n                            style='border:0; padding:0; width:70%; height:auto; overflow:hidden;display: block;margin: auto'><\/iframe>\n        <\/div>\n<\/center>\n","protected":false},"excerpt":{"rendered":"<p>Tri\u1ebft l\u00fd kinh doanh d\u1ef1a tr\u00ean s\u1ef1 t\u1eed t\u1ebf Ch\u00fang t\u00f4i tin r\u1eb1ng d\u00f9 l\u00e0 trong b\u1ea5t k\u1ef3 ho\u00e0n c\u1ea3nh n\u00e0o, s\u1ef1 t\u1eed t\u1ebf lu\u00f4n l\u00e0 l\u1ebd ph\u1ea3i. T\u1eed t\u1ebf v\u1edbi ng\u01b0\u1eddi kh\u00e1c kh\u00f4ng ch\u1ec9 mang l\u1ea1i ni\u1ec1m vui, h\u1ea1nh ph\u00fac cho ng\u01b0\u1eddi kh\u00e1c m\u00e0 c\u00f2n gi\u00fap \u0111em l\u1ea1i ph\u01b0\u1edbc b\u00e1o, ph\u00fac l\u00e0nh cho b\u1ea3n&#8230;<\/p>\n","protected":false},"author":1,"featured_media":0,"parent":0,"menu_order":0,"comment_status":"open","ping_status":"closed","template":"","meta":{"footnotes":""},"_links":{"self":[{"href":"https:\/\/nhipoto.com\/index.php\/wp-json\/wp\/v2\/pages\/34"}],"collection":[{"href":"https:\/\/nhipoto.com\/index.php\/wp-json\/wp\/v2\/pages"}],"about":[{"href":"https:\/\/nhipoto.com\/index.php\/wp-json\/wp\/v2\/types\/page"}],"author":[{"embeddable":true,"href":"https:\/\/nhipoto.com\/index.php\/wp-json\/wp\/v2\/users\/1"}],"replies":[{"embeddable":true,"href":"https:\/\/nhipoto.com\/index.php\/wp-json\/wp\/v2\/comments?post=34"}],"version-history":[{"count":15,"href":"https:\/\/nhipoto.com\/index.php\/wp-json\/wp\/v2\/pages\/34\/revisions"}],"predecessor-version":[{"id":154,"href":"https:\/\/nhipoto.com\/index.php\/wp-json\/wp\/v2\/pages\/34\/revisions\/154"}],"wp:attachment":[{"href":"https:\/\/nhipoto.com\/index.php\/wp-json\/wp\/v2\/media?parent=34"}],"curies":[{"name":"wp","href":"https:\/\/api.w.org\/{rel}","templated":true}]}}